{"id":11623,"date":"2014-08-29T13:28:56","date_gmt":"2014-08-29T11:28:56","guid":{"rendered":"http:\/\/ehfn.de\/live\/?page_id=11623"},"modified":"2021-11-25T18:55:24","modified_gmt":"2021-11-25T17:55:24","slug":"die-interaktive-gespraechsfuehrung","status":"publish","type":"page","link":"https:\/\/ehfn.de\/live\/die-interaktive-gespraechsfuehrung\/","title":{"rendered":"Die Interaktive Gespr\u00e4chsf\u00fchrung"},"content":{"rendered":"<p><div class=\"fusion-fullwidth fullwidth-box fusion-builder-row-1 nonhundred-percent-fullwidth non-hundred-percent-height-scrolling\" style=\"--awb-border-radius-top-left:0px;--awb-border-radius-top-right:0px;--awb-border-radius-bottom-right:0px;--awb-border-radius-bottom-left:0px;--awb-flex-wrap:wrap;\" ><div class=\"fusion-builder-row fusion-row\"><div class=\"fusion-layout-column fusion_builder_column fusion-builder-column-0 fusion_builder_column_1_1 1_1 fusion-one-full fusion-column-first fusion-column-last\" style=\"--awb-bg-size:cover;--awb-margin-bottom:0px;\"><div class=\"fusion-column-wrapper fusion-flex-column-wrapper-legacy\"><div class=\"fusion-text fusion-text-1\"><h2>Die &#8222;Interaktive Gespr\u00e4chsf\u00fchrung&#8220;<\/h2>\n<p>verbale- und nonverbale Kommunikation<\/p>\n<p><strong>Schwerpunkte und Trainingsziele:<\/strong><\/p>\n<\/div><div class=\"fusion-clearfix\"><\/div><\/div><\/div><\/div><\/div><div class=\"fusion-fullwidth fullwidth-box fusion-builder-row-2 hundred-percent-fullwidth non-hundred-percent-height-scrolling\" style=\"--awb-border-radius-top-left:0px;--awb-border-radius-top-right:0px;--awb-border-radius-bottom-right:0px;--awb-border-radius-bottom-left:0px;--awb-overflow:visible;--awb-padding-right:20px;--awb-padding-left:20px;--awb-flex-wrap:wrap;\" ><div class=\"fusion-builder-row fusion-row\"><div class=\"fusion-layout-column fusion_builder_column fusion-builder-column-1 fusion_builder_column_1_3 1_3 fusion-one-third fusion-column-first\" style=\"--awb-bg-blend:overlay;--awb-bg-size:cover;width:33.333333333333%;width:calc(33.333333333333% - ( ( 4% ) * 0.33333333333333 ) );margin-right: 4%;\"><div class=\"fusion-column-wrapper fusion-flex-column-wrapper-legacy\"><div class=\"fusion-text fusion-text-2\"><p><a href=\"https:\/\/ehfn.de\/live\/wp-content\/uploads\/2014\/08\/Interaktiv-280.jpg\"><img decoding=\"async\" class=\"size-full wp-image-11590 alignleft\" src=\"https:\/\/ehfn.de\/live\/wp-content\/uploads\/2014\/08\/Interaktiv-280.jpg\" alt=\"\" width=\"280\" height=\"198\" \/><\/a><\/p>\n<\/div><div class=\"fusion-clearfix\"><\/div><\/div><\/div><div class=\"fusion-layout-column fusion_builder_column fusion-builder-column-2 fusion_builder_column_2_3 2_3 fusion-two-third fusion-column-last\" style=\"--awb-bg-blend:overlay;--awb-bg-size:cover;width:66.666666666667%;width:calc(66.666666666667% - ( ( 4% ) * 0.66666666666667 ) );\"><div class=\"fusion-column-wrapper fusion-flex-column-wrapper-legacy\"><div class=\"fusion-text fusion-text-3\"><ul>\n<li>Wie wirke ich auf andere? (meine \u00fcberzeugende Glaubw\u00fcrdigkeit)?<\/li>\n<li>Was sind die 4 Gespr\u00e4chsgrunds\u00e4tze in zwischenmenschlichen Beziehungen?<\/li>\n<li>Wie schlie\u00dfe ich ein Gespr\u00e4ch ab, und wann war es &#8222;erfolgreich&#8220;?<\/li>\n<li>Wie schaffe ich Erstkontakte, (der erste und letzte Eindruck eines Gespr\u00e4ches)?<\/li>\n<li>Wie f\u00fchrt man ein Gespr\u00e4ch an einen ganz bestimmten Zielpunkt hin?<\/li>\n<li>Wie f\u00fchre ich einen Dialog anstatt einen Monolog? (interaktive Gespr\u00e4chsf\u00fchrung)<\/li>\n<li>Was sind die vier Gespr\u00e4chsgrunds\u00e4tze in zwischenmenschlichen Beziehungen?<\/li>\n<li>Wie h\u00f6re ich aktiv meinem Gespr\u00e4chspartner zu, ohne ihn st\u00e4ndig zu unterbrechen?<\/li>\n<li>Beziehungspflege, ist das mehr als nur \u00fcber SMS, Email oder Facebook zu kommunizieren?<\/li>\n<li>Wie gross ist die Bedeutung der &#8222;non-verbalen&#8220; Kommunikation in einem Gespr\u00e4ch?<\/li>\n<li>Wie wirke ich auf andere? Meine \u00fcberzeugende Glaubw\u00fcrdigkeit?<\/li>\n<li>Wie f\u00fchrt man ein Gespr\u00e4ch an einen ganz bestimmten Zielpunkt hin?<\/li>\n<li>Wie gehe ich mit Einw\u00e4nden in einem Gespr\u00e4che um?<\/li>\n<li>Wie schlie\u00dfe ich ein Gespr\u00e4ch ab, und wann war es &#8222;erfolgreich&#8220;?<\/li>\n<li>Die gr\u00f6sste Gabe und F\u00e4higkeit in jeder zwischenmenschlichen Beziehung.<\/li>\n<\/ul>\n<p style=\"padding-left: 30px;\"><strong><a title=\"Seminare\" href=\"https:\/\/ehfn.de\/live\/seminare\/\">&gt;&gt; zur\u00fcck zu den 3M-Trainingsseminaren<\/a><\/strong><\/p>\n<\/div><div class=\"fusion-clearfix\"><\/div><\/div><\/div><\/div><\/div><\/p>\n","protected":false},"excerpt":{"rendered":"","protected":false},"author":6,"featured_media":0,"parent":0,"menu_order":0,"comment_status":"open","ping_status":"open","template":"100-width.php","meta":{"footnotes":""},"class_list":["post-11623","page","type-page","status-publish","hentry"],"_links":{"self":[{"href":"https:\/\/ehfn.de\/live\/wp-json\/wp\/v2\/pages\/11623","targetHints":{"allow":["GET"]}}],"collection":[{"href":"https:\/\/ehfn.de\/live\/wp-json\/wp\/v2\/pages"}],"about":[{"href":"https:\/\/ehfn.de\/live\/wp-json\/wp\/v2\/types\/page"}],"author":[{"embeddable":true,"href":"https:\/\/ehfn.de\/live\/wp-json\/wp\/v2\/users\/6"}],"replies":[{"embeddable":true,"href":"https:\/\/ehfn.de\/live\/wp-json\/wp\/v2\/comments?post=11623"}],"version-history":[{"count":17,"href":"https:\/\/ehfn.de\/live\/wp-json\/wp\/v2\/pages\/11623\/revisions"}],"predecessor-version":[{"id":14398,"href":"https:\/\/ehfn.de\/live\/wp-json\/wp\/v2\/pages\/11623\/revisions\/14398"}],"wp:attachment":[{"href":"https:\/\/ehfn.de\/live\/wp-json\/wp\/v2\/media?parent=11623"}],"curies":[{"name":"wp","href":"https:\/\/api.w.org\/{rel}","templated":true}]}}