{"id":11642,"date":"2014-08-29T13:47:02","date_gmt":"2014-08-29T11:47:02","guid":{"rendered":"http:\/\/ehfn.de\/live\/?page_id=11642"},"modified":"2021-11-25T18:56:30","modified_gmt":"2021-11-25T17:56:30","slug":"freie-rede","status":"publish","type":"page","link":"https:\/\/ehfn.de\/live\/freie-rede\/","title":{"rendered":"Freies Reden"},"content":{"rendered":"<p><div class=\"fusion-fullwidth fullwidth-box fusion-builder-row-1 nonhundred-percent-fullwidth non-hundred-percent-height-scrolling\" style=\"--awb-border-radius-top-left:0px;--awb-border-radius-top-right:0px;--awb-border-radius-bottom-right:0px;--awb-border-radius-bottom-left:0px;--awb-flex-wrap:wrap;\" ><div class=\"fusion-builder-row fusion-row\"><div class=\"fusion-layout-column fusion_builder_column fusion-builder-column-0 fusion_builder_column_1_1 1_1 fusion-one-full fusion-column-first fusion-column-last\" style=\"--awb-bg-size:cover;--awb-margin-bottom:0px;\"><div class=\"fusion-column-wrapper fusion-flex-column-wrapper-legacy\"><div class=\"fusion-text fusion-text-1\"><h2>Freies Reden<\/h2>\n<p>\u00fcberzeugend wirken, glaubw\u00fcrdig pr\u00e4sentieren<\/p>\n<p><strong>Schwerpunkte und Trainingsziele:<\/strong><\/p>\n<\/div><div class=\"fusion-clearfix\"><\/div><\/div><\/div><\/div><\/div><div class=\"fusion-fullwidth fullwidth-box fusion-builder-row-2 hundred-percent-fullwidth non-hundred-percent-height-scrolling\" style=\"--awb-border-radius-top-left:0px;--awb-border-radius-top-right:0px;--awb-border-radius-bottom-right:0px;--awb-border-radius-bottom-left:0px;--awb-overflow:visible;--awb-padding-right:20px;--awb-padding-left:20px;--awb-flex-wrap:wrap;\" ><div class=\"fusion-builder-row fusion-row\"><div class=\"fusion-layout-column fusion_builder_column fusion-builder-column-1 fusion_builder_column_1_3 1_3 fusion-one-third fusion-column-first\" style=\"--awb-bg-blend:overlay;--awb-bg-size:cover;width:33.333333333333%;width:calc(33.333333333333% - ( ( 4% ) * 0.33333333333333 ) );margin-right: 4%;\"><div class=\"fusion-column-wrapper fusion-flex-column-wrapper-legacy\"><div class=\"fusion-text fusion-text-2\"><p><a href=\"https:\/\/ehfn.de\/live\/wp-content\/uploads\/2014\/08\/Freie-Rede-280.jpg\"><img decoding=\"async\" class=\"size-full wp-image-11589 alignleft\" src=\"https:\/\/ehfn.de\/live\/wp-content\/uploads\/2014\/08\/Freie-Rede-280.jpg\" alt=\"\" width=\"280\" height=\"198\" \/><\/a><\/p>\n<\/div><div class=\"fusion-clearfix\"><\/div><\/div><\/div><div class=\"fusion-layout-column fusion_builder_column fusion-builder-column-2 fusion_builder_column_2_3 2_3 fusion-two-third fusion-column-last\" style=\"--awb-bg-blend:overlay;--awb-bg-size:cover;width:66.666666666667%;width:calc(66.666666666667% - ( ( 4% ) * 0.66666666666667 ) );\"><div class=\"fusion-column-wrapper fusion-flex-column-wrapper-legacy\"><div class=\"fusion-text fusion-text-3\"><ul>\n<li>Wie wirken wir auf andere? (Die 3 Wirkungsgesetze).<\/li>\n<li>Mein pers\u00f6nlicher Wirkungskreis<\/li>\n<li>Wie glaubw\u00fcrdig und \u00fcberzeugend ist meine Vorbildwirkung?<\/li>\n<li>Wie baut man Menschenfurcht und \u201eAngst vor Blamagen\u201c ab?<\/li>\n<li>Vortr\u00e4ge und Pr\u00e4sentation vor Publikum<br \/>\n(mit praktischen \u00dcbungen)<\/li>\n<li>Gesundes Selbstbewusstsein im Umgang mit Menschen<\/li>\n<\/ul>\n<p style=\"padding-left: 30px;\"><strong><a title=\"Seminare\" href=\"https:\/\/ehfn.de\/live\/seminare\/\">&gt;&gt; zur\u00fcck zu den 3M-Trainingsseminaren<\/a><\/strong><\/p>\n<\/div><div class=\"fusion-clearfix\"><\/div><\/div><\/div><\/div><\/div><\/p>\n","protected":false},"excerpt":{"rendered":"","protected":false},"author":6,"featured_media":0,"parent":0,"menu_order":0,"comment_status":"open","ping_status":"open","template":"100-width.php","meta":{"footnotes":""},"class_list":["post-11642","page","type-page","status-publish","hentry"],"_links":{"self":[{"href":"https:\/\/ehfn.de\/live\/wp-json\/wp\/v2\/pages\/11642","targetHints":{"allow":["GET"]}}],"collection":[{"href":"https:\/\/ehfn.de\/live\/wp-json\/wp\/v2\/pages"}],"about":[{"href":"https:\/\/ehfn.de\/live\/wp-json\/wp\/v2\/types\/page"}],"author":[{"embeddable":true,"href":"https:\/\/ehfn.de\/live\/wp-json\/wp\/v2\/users\/6"}],"replies":[{"embeddable":true,"href":"https:\/\/ehfn.de\/live\/wp-json\/wp\/v2\/comments?post=11642"}],"version-history":[{"count":14,"href":"https:\/\/ehfn.de\/live\/wp-json\/wp\/v2\/pages\/11642\/revisions"}],"predecessor-version":[{"id":14400,"href":"https:\/\/ehfn.de\/live\/wp-json\/wp\/v2\/pages\/11642\/revisions\/14400"}],"wp:attachment":[{"href":"https:\/\/ehfn.de\/live\/wp-json\/wp\/v2\/media?parent=11642"}],"curies":[{"name":"wp","href":"https:\/\/api.w.org\/{rel}","templated":true}]}}